{"id":92,"date":"2023-03-28T10:16:23","date_gmt":"2023-03-28T08:16:23","guid":{"rendered":"https:\/\/armonya.net\/index.php\/dichiarazione-sulla-privacy-ue\/"},"modified":"2026-02-05T18:01:30","modified_gmt":"2026-02-05T17:01:30","slug":"dichiarazione-sulla-privacy-ue","status":"publish","type":"page","link":"https:\/\/armonya.net\/index.php\/dichiarazione-sulla-privacy-ue\/","title":{"rendered":"Privacy Policy"},"content":{"rendered":"\n<div style=\"height:100px\" aria-hidden=\"true\" class=\"wp-block-spacer\"><\/div>\n\n\n\n<p><strong>INFORMATIVA SULLA PRIVACY (PRIVACY POLICY)<\/strong><\/p>\n\n\n\n<p>Ai sensi del Regolamento UE 2016\/679 (GDPR)<\/p>\n\n\n\n<p>La presente Privacy Policy ha lo scopo di descrivere le modalit\u00e0 di gestione del sito web https:\/\/armonya.net\/ (di seguito &#8220;Sito&#8221;) in riferimento al trattamento dei dati personali degli utenti\/visitatori che lo consultano.<\/p>\n\n\n\n<ol class=\"wp-block-list\">\n<li><strong>Titolare del Trattamento<\/strong><\/li>\n<\/ol>\n\n\n\n<p>Il Titolare del trattamento \u00e8:<\/p>\n\n\n\n<p><strong>Nome\/Ragione Sociale: Irene Baldin<br>Sede Legale: Laveno Mombello (Va), via Cesare Battisti, 86<br>Email di contatto: info@armonya.net<\/strong><\/p>\n\n\n\n<ol start=\"2\" class=\"wp-block-list\">\n<li>Tipologia di Dati Trattati<\/li>\n<\/ol>\n\n\n\n<p>Il Sito pu\u00f2 raccogliere diverse tipologie di dati, in modo autonomo o tramite terze parti:<\/p>\n\n\n\n<p>Dati di navigazione: Indirizzi IP, nomi a dominio dei computer utilizzati, orari delle richieste, metodo utilizzato nel sottoporre la richiesta al server e altri parametri relativi al sistema operativo dell\u2019utente.<br>Dati forniti volontariamente: Nome, cognome, indirizzo email e ogni altra informazione inviata tramite moduli di contatto (form), iscrizione alla newsletter o invio di messaggi diretti.<br>Cookie: Per i dettagli, si rimanda alla Cookie Policy del sito.<\/p>\n\n\n\n<ol start=\"3\" class=\"wp-block-list\">\n<li>Finalit\u00e0 del Trattamento<\/li>\n<\/ol>\n\n\n\n<p>I dati vengono raccolti per le seguenti finalit\u00e0:<\/p>\n\n\n\n<p>Rispondere a richieste di informazioni: Gestire i messaggi inviati tramite il modulo di contatto.<br>Erogazione dei servizi: Consentire la navigazione e l&#8217;accesso ai contenuti del Sito.<br>Obblighi di legge: Adempiere ad obblighi previsti da leggi, regolamenti o dalla normativa europea.<\/p>\n\n\n\n<ol start=\"4\" class=\"wp-block-list\">\n<li>Base Giuridica del Trattamento<\/li>\n<\/ol>\n\n\n\n<p>Il Titolare tratta i Dati Personali se sussiste una delle seguenti condizioni:<\/p>\n\n\n\n<p>L\u2019utente ha prestato il consenso per una o pi\u00f9 finalit\u00e0 specifiche.<br>Il trattamento \u00e8 necessario all&#8217;esecuzione di un contratto o di misure precontrattuali.<br>Il trattamento \u00e8 necessario per adempiere un obbligo legale.<\/p>\n\n\n\n<ol start=\"5\" class=\"wp-block-list\">\n<li>Modalit\u00e0 di Trattamento e Conservazione<\/li>\n<\/ol>\n\n\n\n<p>Il trattamento viene effettuato mediante strumenti informatici e\/o telematici, con modalit\u00e0 organizzative strettamente correlate alle finalit\u00e0 indicate. Sono adottate adeguate misure di sicurezza per prevenire la perdita dei dati, usi illeciti o accessi non autorizzati. I dati saranno conservati per il tempo strettamente necessario a conseguire gli scopi per cui sono stati raccolti o secondo quanto previsto dalla legge.<\/p>\n\n\n\n<ol start=\"6\" class=\"wp-block-list\">\n<li>Comunicazione dei Dati<\/li>\n<\/ol>\n\n\n\n<p>I dati personali non saranno diffusi, ma potranno essere comunicati a:<\/p>\n\n\n\n<p>Soggetti terzi incaricati della manutenzione del Sito.<br>Consulenti legali o fiscali per adempimenti normativi.<br>Autorit\u00e0 giudiziarie o di controllo, ove richiesto per legge.<\/p>\n\n\n\n<ol start=\"7\" class=\"wp-block-list\">\n<li>Trasferimento Dati Extra-UE<\/li>\n<\/ol>\n\n\n\n<p>Il Sito potrebbe condividere alcuni dati con servizi localizzati al di fuori dell&#8217;area dell&#8217;Unione Europea (es. Google Analytics, hosting). Il trasferimento \u00e8 autorizzato in base a clausole contrattuali standard o decisioni di adeguatezza della Commissione Europea.<\/p>\n\n\n\n<ol start=\"8\" class=\"wp-block-list\">\n<li>Diritti dell&#8217;Interessato<\/li>\n<\/ol>\n\n\n\n<p>In conformit\u00e0 agli artt. 15-22 del GDPR, l\u2019utente ha il diritto di:<\/p>\n\n\n\n<p>Accedere ai propri dati personali.<br>Ottenere la rettifica o la cancellazione degli stessi (&#8220;diritto all&#8217;oblio&#8221;).<br>Chiedere la limitazione del trattamento.<br>Opporsi al trattamento per motivi legittimi.<br>Richiedere la portabilit\u00e0 dei dati.<br>Revocare il consenso in qualsiasi momento.<br>Proporre reclamo all&#8217;Autorit\u00e0 Garante per la Protezione dei Dati Personali (www.garanteprivacy.it).<\/p>\n\n\n\n<p>Per esercitare tali diritti, l&#8217;utente pu\u00f2 inviare una comunicazione scritta a: info@armonya.net<\/p>\n\n\n\n<ol start=\"9\" class=\"wp-block-list\">\n<li>Aggiornamenti<\/li>\n<\/ol>\n\n\n\n<p>La presente Privacy Policy \u00e8 aggiornata al 05 febbraio 2026. Il Titolare si riserva il diritto di apportare modifiche in qualunque momento, dandone informazione agli utenti su questa pagina.<\/p>\n\n\n\n<div class=\"wp-block-columns is-layout-flex wp-container-core-columns-is-layout-9d6595d7 wp-block-columns-is-layout-flex\">\n<div class=\"wp-block-column is-layout-flow wp-block-column-is-layout-flow\" style=\"flex-basis:25%\"><\/div>\n\n\n\n<div class=\"wp-block-column is-layout-flow wp-block-column-is-layout-flow\" style=\"flex-basis:50%\"><\/div>\n\n\n\n<div class=\"wp-block-column is-layout-flow wp-block-column-is-layout-flow\" style=\"flex-basis:25%\"><\/div>\n<\/div>\n","protected":false},"excerpt":{"rendered":"<p>INFORMATIVA SULLA PRIVACY (PRIVACY POLICY) Ai sensi del Regolamento UE 2016\/679 (GDPR) La presente Privacy Policy ha lo scopo di descrivere le modalit\u00e0 di gestione del sito web https:\/\/armonya.net\/ (di seguito &#8220;Sito&#8221;) in riferimento al trattamento dei dati personali degli utenti\/visitatori che lo consultano. Il Titolare del trattamento \u00e8: Nome\/Ragione Sociale: Irene BaldinSede Legale: Laveno [&hellip;]<\/p>\n","protected":false},"author":1,"featured_media":0,"parent":0,"menu_order":0,"comment_status":"closed","ping_status":"closed","template":"","meta":{"footnotes":""},"class_list":["post-92","page","type-page","status-publish","hentry"],"_links":{"self":[{"href":"https:\/\/armonya.net\/index.php\/wp-json\/wp\/v2\/pages\/92","targetHints":{"allow":["GET"]}}],"collection":[{"href":"https:\/\/armonya.net\/index.php\/wp-json\/wp\/v2\/pages"}],"about":[{"href":"https:\/\/armonya.net\/index.php\/wp-json\/wp\/v2\/types\/page"}],"author":[{"embeddable":true,"href":"https:\/\/armonya.net\/index.php\/wp-json\/wp\/v2\/users\/1"}],"replies":[{"embeddable":true,"href":"https:\/\/armonya.net\/index.php\/wp-json\/wp\/v2\/comments?post=92"}],"version-history":[{"count":6,"href":"https:\/\/armonya.net\/index.php\/wp-json\/wp\/v2\/pages\/92\/revisions"}],"predecessor-version":[{"id":226,"href":"https:\/\/armonya.net\/index.php\/wp-json\/wp\/v2\/pages\/92\/revisions\/226"}],"wp:attachment":[{"href":"https:\/\/armonya.net\/index.php\/wp-json\/wp\/v2\/media?parent=92"}],"curies":[{"name":"wp","href":"https:\/\/api.w.org\/{rel}","templated":true}]}}

<div style="height:100px" aria-hidden="true" class="wp-block-spacer"></div>



<p><strong>INFORMATIVA SULLA PRIVACY (PRIVACY POLICY)</strong></p>



<p>Ai sensi del Regolamento UE 2016/679 (GDPR)</p>



<p>La presente Privacy Policy ha lo scopo di descrivere le modalità di gestione del sito web https://armonya.net/ (di seguito &#8220;Sito&#8221;) in riferimento al trattamento dei dati personali degli utenti/visitatori che lo consultano.</p>



<ol class="wp-block-list">
<li><strong>Titolare del Trattamento</strong></li>
</ol>



<p>Il Titolare del trattamento è:</p>



<p><strong>Nome/Ragione Sociale: Irene Baldin<br>Sede Legale: Laveno Mombello (Va), via Cesare Battisti, 86<br>Email di contatto: info@armonya.net</strong></p>



<ol start="2" class="wp-block-list">
<li>Tipologia di Dati Trattati</li>
</ol>



<p>Il Sito può raccogliere diverse tipologie di dati, in modo autonomo o tramite terze parti:</p>



<p>Dati di navigazione: Indirizzi IP, nomi a dominio dei computer utilizzati, orari delle richieste, metodo utilizzato nel sottoporre la richiesta al server e altri parametri relativi al sistema operativo dell’utente.<br>Dati forniti volontariamente: Nome, cognome, indirizzo email e ogni altra informazione inviata tramite moduli di contatto (form), iscrizione alla newsletter o invio di messaggi diretti.<br>Cookie: Per i dettagli, si rimanda alla Cookie Policy del sito.</p>



<ol start="3" class="wp-block-list">
<li>Finalità del Trattamento</li>
</ol>



<p>I dati vengono raccolti per le seguenti finalità:</p>



<p>Rispondere a richieste di informazioni: Gestire i messaggi inviati tramite il modulo di contatto.<br>Erogazione dei servizi: Consentire la navigazione e l&#8217;accesso ai contenuti del Sito.<br>Obblighi di legge: Adempiere ad obblighi previsti da leggi, regolamenti o dalla normativa europea.</p>



<ol start="4" class="wp-block-list">
<li>Base Giuridica del Trattamento</li>
</ol>



<p>Il Titolare tratta i Dati Personali se sussiste una delle seguenti condizioni:</p>



<p>L’utente ha prestato il consenso per una o più finalità specifiche.<br>Il trattamento è necessario all&#8217;esecuzione di un contratto o di misure precontrattuali.<br>Il trattamento è necessario per adempiere un obbligo legale.</p>



<ol start="5" class="wp-block-list">
<li>Modalità di Trattamento e Conservazione</li>
</ol>



<p>Il trattamento viene effettuato mediante strumenti informatici e/o telematici, con modalità organizzative strettamente correlate alle finalità indicate. Sono adottate adeguate misure di sicurezza per prevenire la perdita dei dati, usi illeciti o accessi non autorizzati. I dati saranno conservati per il tempo strettamente necessario a conseguire gli scopi per cui sono stati raccolti o secondo quanto previsto dalla legge.</p>



<ol start="6" class="wp-block-list">
<li>Comunicazione dei Dati</li>
</ol>



<p>I dati personali non saranno diffusi, ma potranno essere comunicati a:</p>



<p>Soggetti terzi incaricati della manutenzione del Sito.<br>Consulenti legali o fiscali per adempimenti normativi.<br>Autorità giudiziarie o di controllo, ove richiesto per legge.</p>



<ol start="7" class="wp-block-list">
<li>Trasferimento Dati Extra-UE</li>
</ol>



<p>Il Sito potrebbe condividere alcuni dati con servizi localizzati al di fuori dell&#8217;area dell&#8217;Unione Europea (es. Google Analytics, hosting). Il trasferimento è autorizzato in base a clausole contrattuali standard o decisioni di adeguatezza della Commissione Europea.</p>



<ol start="8" class="wp-block-list">
<li>Diritti dell&#8217;Interessato</li>
</ol>



<p>In conformità agli artt. 15-22 del GDPR, l’utente ha il diritto di:</p>



<p>Accedere ai propri dati personali.<br>Ottenere la rettifica o la cancellazione degli stessi (&#8220;diritto all&#8217;oblio&#8221;).<br>Chiedere la limitazione del trattamento.<br>Opporsi al trattamento per motivi legittimi.<br>Richiedere la portabilità dei dati.<br>Revocare il consenso in qualsiasi momento.<br>Proporre reclamo all&#8217;Autorità Garante per la Protezione dei Dati Personali (www.garanteprivacy.it).</p>



<p>Per esercitare tali diritti, l&#8217;utente può inviare una comunicazione scritta a: info@armonya.net</p>



<ol start="9" class="wp-block-list">
<li>Aggiornamenti</li>
</ol>



<p>La presente Privacy Policy è aggiornata al 05 febbraio 2026. Il Titolare si riserva il diritto di apportare modifiche in qualunque momento, dandone informazione agli utenti su questa pagina.</p>



<div class="wp-block-columns is-layout-flex wp-container-core-columns-is-layout-9d6595d7 wp-block-columns-is-layout-flex">
<div class="wp-block-column is-layout-flow wp-block-column-is-layout-flow" style="flex-basis:25%"></div>



<div class="wp-block-column is-layout-flow wp-block-column-is-layout-flow" style="flex-basis:50%"></div>



<div class="wp-block-column is-layout-flow wp-block-column-is-layout-flow" style="flex-basis:25%"></div>
</div>

<p>INFORMATIVA SULLA PRIVACY (PRIVACY POLICY) Ai sensi del Regolamento UE 2016/679 (GDPR) La presente Privacy Policy ha lo scopo di descrivere le modalità di gestione del sito web https://armonya.net/ (di seguito &#8220;Sito&#8221;) in riferimento al trattamento dei dati personali degli utenti/visitatori che lo consultano. Il Titolare del trattamento è: Nome/Ragione Sociale: Irene BaldinSede Legale: Laveno [&hellip;]</p>
